 3/1. List the prime factors of 12/54 - 723/w.
3
Let i be ((-9)/27)/(2/(-114)). Let r = -8 + i. What are the prime factors of r?
11
List the prime factors of 2/(-8) + (-3985)/(-20).
199
Let m be (-2 - 3/(-1))*5. Let s = m - -3. What are the prime factors of s?
2
Let z(y) be the first derivative of -y**4/4 + 2*y**3 - 5*y**2/2 + 5*y - 4. List the prime factors of z(4).
17
What are the prime factors of 4/(-18) - ((-6692)/63 + 2)?
2, 13
Let w(p) = -p**2 - 4*p - 4. Let g be w(-3). Let m be (1 + g - 0) + 5. Suppose 4*q = m*z - z + 48, -2*q + 12 = 2*z. What are the prime factors of q?
3
Let z be 182/(-4) - (-2)/(-4). Let j = z - -81. Let p = j - 25. What are the prime factors of p?
2, 5
Let k = 365 + -185. Suppose 4*a + k = 3*g, -g + 0*g + 62 = -2*a. Suppose -2*u - 6 = 4*m - 16, 4*m = 4*u - g. What are the prime factors of u?
11
Suppose 2 + 4 = -3*q. Let l be (-2)/4 + (-15)/(-2). List the prime factors of q/l + 158/14.
11
Let z(w) = w**3 + 2*w**2 - 4*w - 2. Let b be z(-3). Let r(v) = 16*v**2 - v. What are the prime factors of r(b)?
3, 5
Let s be 9/12 + 249/4. Suppose l = -2*r + s, 6*l = l - 5. List the prime factors of r.
2
Let t(v) = v + 18. Let p be (-8 - -8)/(3 - 0). What are the prime factors of t(p)?
2, 3
Suppose 0 = w - 1 + 7. List the prime factors of (-152)/(-6)*(-9)/w.
2, 19
Let y = -3 + 3. Suppose -33 = -3*a - y*a. What are the prime factors of a?
11
Suppose -r + 7 + 2 = 5*s, 3*r = 4*s - 30. Let p(l) = l**2 - 2*l + 2*l + 6 + 6*l. List the prime factors of p(r).
2, 3
Suppose 14 = -x - 4*t, 2*t + 8 = -x - 14. Let l = 52 + x. List the prime factors of l.
2, 11
Suppose 5*k = -0*k + b + 78, 4*b + 87 = 5*k. What are the prime factors of k?
3, 5
Let z = -66 + -102. What are the prime factors of ((-3)/4)/(7/z)?
2, 3
Let u(j) = j**2 + 7*j + 10. Let k = 5 + -2. Suppose 0*y = -k*y - 21. List the prime factors of u(y).
2, 5
Let s(l) = -3*l - 4. Let p = 6 + -9. What are the prime factors of s(p)?
5
Suppose 3 = 2*x + 11. Let w = 58 - 43. Let g = x + w. List the prime factors of g.
11
Let m = -6 - -11. Suppose -m*p - 25 = -0*p. What are the prime factors of (-6)/(-10) + (-52)/p?
11
Suppose -5*f - 5*c = -5, 20 = c - 5*c. Suppose -5*d + 3*g = -8, -4*g + 21 + 7 = 3*d. List the prime factors of ((-9)/f)/((-1)/d).
2, 3
Let c(g) = -g**3 - 6*g**2 - 5*g + 3. Let i be c(-5). Suppose 2*l + 15 = r - i*l, r - l - 23 = 0. Let u = 47 - r. What are the prime factors of u?
2, 11
Let b be -5*8/(-30)*3. Suppose n + 4*n = -3*k - 30, 2*k + b*n + 20 = 0. Let t = -1 - k. What are the prime factors of t?
3
Suppose 208 + 8 = 4*o - 4*u, 3*o - 4*u = 160. List the prime factors of o.
2, 7
Suppose 3*t - 4 = -o, 3 + 5 = 2*o. Let f(v) = v**3 + 4. What are the prime factors of f(t)?
2
Suppose -5*k - 60 = -3*g, 6*k = k. What are the prime factors of (18/(-10))/((-6)/g)?
2, 3
Suppose 5*r - 25 = 145. What are the prime factors of r?
2, 17
Suppose -b - 10 = 2*r + 4, 3*b = r. List the prime factors of (1 - 34)*8/r.
2, 11
Let v(a) = -a**2 - 7*a**2 - 5 + 2*a**2 + 6*a - 2*a**3 + 3*a**3. Let u be v(6). Suppose -u = -2*s + 7. List the prime factors of s.
19
Let i(b) = -b**3 - 6*b**2 - b - 6. Let c be i(-6). Suppose c = -n + 4*w + 10, 4*n - w - 59 = -4*w. Suppose -2*o = -n + 2. List the prime factors of o.
2, 3
Suppose 2*l + 49 = p - 3*l, 2*l = -3*p + 62. Suppose -z + p = 5*j, 0*j - 2*j - 55 = -3*z. List the prime factors of z.
19
Let s be ((-84)/(-30))/((-1)/(-5)). Let v = s - 6. List the prime factors of v.
2
Let h be 9 + -10 - -1*11. Suppose -13*w + 9 = -h*w. List the prime factors of w.
3
Suppose 0 = 3*f, -124 = -2*b + f - 18. List the prime factors of b.
53
Let m = -78 - -155. What are the prime factors of m?
7, 11
Let g(t) = t**3 - 6*t**2 + 4*t - 3. Let f be g(7). Suppose 5*n + 16 = -f. Let j = -11 - n. What are the prime factors of j?
7
Let v be 37 + (3 - (1 + 3)). Let b be (-188)/v + (-4)/(-18). Let h = 13 + b. What are the prime factors of h?
2
Let u(t) = t - 7. Let s be u(7). Let k be -2 - (4 - s)/2. Let n(w) = -3*w. List the prime factors of n(k).
2, 3
Let g(k) be the first derivative of k**4/4 + k**3/3 - 3*k**2/2 + k - 3. Suppose 4*b - 5*y = 28, 5*b = 5*y + 43 - 13. List the prime factors of g(b).
7
Let n be 31/5 - (-2)/(-10). Suppose -2*a - 2*d + 0*d = n, 4*a + 12 = -3*d. List the prime factors of 1/a*(-132)/4.
11
Suppose 0 = -5*b + 3*x + 25, 2 = -b + x + 5. Let q be 5/(-15) + 14/6. Suppose 0 = 5*d - q - b. List the prime factors of d.
2
Let i be 2 + 0 + 1/1. Suppose -2*s = -3 - 19. Let y = s - i. What are the prime factors of y?
2
Let f = -49 + 71. What are the prime factors of f?
2, 11
Let s = 80 + 143. What are the prime factors of s?
223
Suppose -3*p + 17 = 5. List the prime factors of p.
2
Suppose 4*t + 0*t = 4*j - 572, 2*t - 750 = -5*j. List the prime factors of j.
2, 37
Let i be (2/6)/(4/120). Suppose -2*r + 4*r + i = 2*h, 4*h - 30 = -r. What are the prime factors of h?
7
Let q be 5/(-2)*(-12)/15. Suppose -q*n + 71 = -3*f, 9*n = 4*n + 2*f + 172. What are the prime factors of n?
2, 17
Suppose -18 = -4*z - 4*t + 14, 0 = 5*z - 3*t. Suppose 2*f = -z*f + 260. List the prime factors of f.
2, 13
Let s be ((-1)/3)/((-1)/9). Suppose 5 + s = x. Suppose 2*t = 4*p - x, -2*t = -1 - 3. What are the prime factors of p?
3
Suppose 68 = 2*i + 12. What are the prime factors of i?
2, 7
Let f(y) = y**2 - 1. Let q be f(-1). Suppose 5*s - 10 = -q*s. Suppose -s*b = b - 48. What are the prime factors of b?
2
Suppose 5*d - 104 - 76 = 0. What are the prime factors of d?
2, 3
Let d = 9 - 8. Let i(k) = -k + 3. What are the prime factors of i(d)?
2
Suppose p + 3*p - 540 = 0. What are the prime factors of p?
3, 5
Let b(q) = 2*q**3 - 4*q**2 + 6*q + 4. List the prime factors of b(4).
2, 23
Let t = -21 + 45. List the prime factors of t.
2, 3
Let s be (-78)/(-21) - 2/(-7). Suppose -s*p - 5*l = -16, p + 21 = -4*p + 4*l. List the prime factors of (-5)/p + (-3)/(-1).
2
Suppose -5*y = -3 - 12. Suppose n + y*n - 20 = 0. What are the prime factors of n?
5
Suppose 5*n + 23 = -4*o + 4*n, -3*o - n - 16 = 0. Let a = o - -11. Suppose 35 = -2*y + 5*y + 2*v, -a = -4*v. What are the prime factors of y?
11
Let q(r) be the first derivative of 3*r**2/2 - 9*r - 2. What are the prime factors of q(15)?
2, 3
Let s(g) = 15*g**2 + 3*g. List the prime factors of s(-2).
2, 3
Let r = -78 + 133. What are the prime factors of r?
5, 11
Suppose 5*j = -5*c + 35, 0*j - 5*j = -2*c - 14. Let s = -4 + c. Let q(d) = -7*d. List the prime factors of q(s).
7
Suppose 6*l + 3*d - 14 = 2*l, 9 = l - 2*d. Let g be 1/(2/(-48)*-2). Suppose 0 = -4*t - g, -2*u - 25 = -3*u + l*t. List the prime factors of u.
2, 5
Suppose 0 = -3*d + 4*f + 16, -3*d + 19 = 2*d + f. Let t = d - 4. Suppose -3*o + 12 + 18 = t. List the prime factors of o.
2, 5
What are the prime factors of 1230/105 - 2/(-7)?
2, 3
Let a(h) = h**3 - h**2 - 2*h + 3. List the prime factors of a(3).
3, 5
Let j(r) = -5*r - 5. Let v be j(-3). Suppose 5*d + v = 50. What are the prime factors of d?
2
Suppose 29 = 2*s - 197. Suppose 0 = 5*k + 5*j - 5, -32 = -2*k - 3*k + 4*j. Suppose 29 - s = -4*y + 4*i, -5*i + 39 = k*y. What are the prime factors of y?
2
Let y(j) = 2*j. Let l be y(-2). Let i be 22/l + (-3)/(-6). What are the prime factors of (1 - (-9)/i)*-10?
2
Let b(o) = -2*o + 19. Let f be b(7). Let a = 12 - 4. Let i = a - f. List the prime factors of i.
3
Suppose 4*c - 3*j - 104 = 0, 2*j - 43 = 3*c - 121. What are the prime factors of c?
2, 13
Let r(o) = -4*o**3 - 3*o**2 + 2*o - 1. Let x be r(-3). Let n = x - 32. What are the prime factors of n?
2, 3, 7
Suppose 152 = 5*c - l, -5*c + 112 = -c + 4*l. List the prime factors of c.
2, 3, 5
Let m(u) = 5*u**3 - u**2. Let q be m(-1). Let l = q - -8. Suppose -l*i - 5 + 17 = 0. What are the prime factors of i?
2, 3
Suppose -3*i + 20 = 2*i. Let h = i - 2. What are the prime factors of h?
2
Let f = 72 + -47. What are the prime factors of f?
5
Let j = 96 - 54. What are the prime factors of j?
2, 3, 7
Let x = -6 + 79. Suppose 3*h + 4*o - 82 = 0, -5*o - x = -2*h - h. List the prime factors of h.
2, 13
Suppose r + 70 = 4*a, 225 = -3*r - 6*a + 3*a. Let m = r - -33. Let x = -20 - m. List the prime factors of x.
3, 7
Let y(f) = -f + 11. Let u be 2/6 + (-4)/12. Let d be y(u). Suppose d = 4*s - 37. List the prime factors of s.
2, 3
Suppose -2*c = -4*q + 74, c + 3*c = 4*q